 -2*m(v) - 9*r(v). Determine i(b).
6
Let f be (30/12 - 3)*4. Let h(v) = -v + 2. Calculate h(f).
4
Let y(i) = i**2 + i - 3. Let o = 548 - 550. Give y(o).
-1
Let k(q) = 9*q**3 - 20*q**2 - 31*q + 23. Let x(v) = 5*v**3 - 10*v**2 - 16*v + 11. Let f(w) = -4*k(w) + 7*x(w). What is f(11)?
-4
Suppose -13*k - 4*z = -16*k + 3, 5*k = 2*z + 19. Let y(d) = 5*d**3 - 3. Let a(v) = 14*v**3 - v**2 - v - 10. Let h(l) = -4*a(l) + 11*y(l). Give h(k).
2
Let u(x) be the first derivative of -x**5/10 + 11*x**2/2 + 15. Let r(i) be the second derivative of u(i). What is r(1)?
-6
Let f(d) = -9*d + 12*d**2 + 7 - 4 - 3*d**2 + 4 - 8*d**2. Determine f(7).
-7
Let f(j) be the third derivative of 3*j**4/4 - j**3/6 + 220*j**2. What is f(-1)?
-19
Let r be (6/(-12))/(3 - (-22)/(-8)). Let n(o) = -3 + o + 6 - 2. Give n(r).
-1
Let g(o) = -7*o**3 - 5*o**3 + o + 2*o**3 - 1 + 0*o**3. What is g(1)?
-10
Let v(i) = 11*i**2 + 7*i**2 + 11*i**3 - 16*i**2 + 16*i**3 + 2*i + 1. What is v(-1)?
-26
Suppose 5*s - 4*a + 69 = 0, 5*a = -2*s + 6*s + 48. Let w = s - -14. Let p be (-2 - (-6 - w)) + 2. Let m(r) = -3*r + 3. Calculate m(p).
-6
Let u(b) = -b**3 + b**2 + b. Let z(l) be the first derivative of l**4/4 - 7*l**3/3 - 7*l**2/2 - 4*l + 8. Let v(o) = 2*u(o) + z(o). What is v(-4)?
0
Let v(k) = 15*k - 7. Let r(x) = 2*x. Let w(p) = -6*r(p) + v(p). Determine w(6).
11
Suppose 4*c - 8 = -0*q + 2*q, -c + 4*q - 5 = 0. Let l(t) = -4*t**2 + 1 + c*t**2 - 2*t - 3*t**2. Let s be (2 - 1)/(4 + 18/(-4)). What is l(s)?
-11
Suppose 25 = -5*r - 0*f + 5*f, 3*f - 15 = 4*r. Let w(g) = -10*g + 9. Let z(t) = -7*t + 6. Let o(q) = -5*w(q) + 7*z(q). Give o(r).
-3
Let s = -4 - -9. Suppose l + 18 = 11*x - 6*x, -5*x + 30 = -5*l. Let d(r) = x*r + 2 - 3 + s. Give d(-5).
-11
Let v(p) = -p + 7. Let t = 3 - -8. Suppose -5*h + t = -89. Suppose 6*j - 3*j - w - h = 0, -3*j = -5*w - 40. Determine v(j).
2
Let l(f) = f**3 + 5*f**2 + 3*f + 1. Let d = 11 - 16. Give l(d).
-14
Let m(p) = -p**2 + p + 1. Let l = 7 - -12. Let k = -158 - -179. Let u = k - l. What is m(u)?
-1
Let c(a) be the second derivative of 11*a**4/12 - a**3/6 - 182*a + 1. Calculate c(1).
10
Let p(i) = -i**2 + 16*i + 107. Let s be p(-5). Let j(b) be the second derivative of 8*b + 1/12*b**4 + 0 + 7/2*b**s + 0*b**3. Calculate j(0).
7
Let g(t) = 5*t**2 + t - 1. Let x be (-8)/12*(-6)/4. Let s(j) = -j**2 + 9*j - 8. Let q be s(8). Suppose -x + q = -z. What is g(z)?
5
Let m be 0*4/12 - -2. Let i be m/(-13) + 150/(-39). Let q(k) = -k**3 - 3*k**2 + 4. Calculate q(i).
20
Let b be (1/(-2))/((-2)/(-20)). Let r(q) = q - 22. Let y(a) = 2*a - 39. Let t(d) = 7*r(d) - 4*y(d). Give t(b).
7
Suppose 0 = -2024*u + 2011*u + 65. Let o(j) = -6*j - 1. Determine o(u).
-31
Suppose -83 = -2*i - 19. Let u be i/(-24)*6/4. Let s(n) be the second derivative of -n**3 + n**2/2 - 11*n. Calculate s(u).
13
Let h(o) = -2*o**2 + 37*o + 16. Let d be h(19). Let v(c) = -7*c + 8. Let l(i) = 6*i - 7. Let g(f) = d*v(f) - 4*l(f). Determine g(6).
-14
Let f(s) = 4*s**3 + 34*s**2 - 34*s + 26. Let t(b) = -b**3 - 11*b**2 + 11*b - 7. Let y(u) = 2*f(u) + 7*t(u). Give y(7).
-32
Suppose 0 = 42*c - 21*c - 42. Let a(s) be the third derivative of 1/20*s**5 - 1/12*s**4 + 0*s + 12*s**c - 1/2*s**3 + 0 + 1/120*s**6. What is a(-3)?
3
Let y(s) = s**2 + 4*s + 1. Let o(g) = -4*g + 2. Let a(f) = 7*f - 3. Let x(k) = 3*a(k) + 5*o(k). Let u(p) = -2*x(p) + y(p). Let i = 40 + -43. Determine u(i).
2
Let o(c) = -c + 1. Let a(z) = -z**2 + 6*z - 4. Let r(p) = -a(p) - 3*o(p). Let n be 7/(28/(-64)) + 0. Let b be (-1)/(((-12)/n)/(-3)). What is r(b)?
5
Let w be -1 - (6/(-2) + 0). Suppose 0 = -4*o - w*z - 28, -5*o + 5*z - 3*z = 44. Let d(k) = -k**3 - 8*k**2 - k + 9. Give d(o).
17
Let r(i) be the second derivative of i**3/6 + 2*i**2 + 83*i. Calculate r(-6).
-2
Let j(o) be the third derivative of 0*o**3 - 6*o**2 + 0*o**5 - 1/40*o**6 + 1/24*o**4 + 0*o + 0. Give j(1).
-2
Let n be ((-11)/(-44))/((-1)/(-8)). Let r(f) = -2*f**2 - f + 6. Give r(n).
-4
Let d(l) = -l**3 + l**2 - l - 1. Let i be d(2). Let j be (70/8)/i*-4. Suppose 0 = -j*x + 25, 0 = -5*m - 3*x + 10. Let y(k) = -12*k. Give y(m).
12
Let x(s) = 6*s - 10. Let a(u) = -2*u + 3. Let f(r) = -10*a(r) - 3*x(r). Suppose 4*m = -16, 4*m - 16 = -2*p - 84. Let t = p - -23. Determine f(t).
-6
Suppose 182 = -42*l - 28. Let n(t) = -13*t - 61. Calculate n(l).
4
Suppose 8*z - 4*z - 20 = 0. Let t(v) = -v**3 + 5*v**2 - v - 4. Give t(z).
-9
Suppose 2*p - 4 = p + 2*y, -p - 5*y = 3. Let t be -1*24/9*(-6)/8. Let m(k) = -t*k**p - 12*k**3 - 2*k + k + 7*k**3. Give m(-1).
4
Suppose -k + a - 7 = -4*k, -3*k + 5*a + 19 = 0. Let f(m) = 2*m**k + 2 + 6*m - 4*m**2 - 15*m + 7*m + 4*m. Give f(2).
6
Let w(r) be the first derivative of 1/360*r**6 - 7/120*r**5 + 0*r**2 + 1/4*r**4 + 0*r + 8/3*r**3 - 3. Let z(p) be the third derivative of w(p). What is z(6)?
0
Let o(p) = 9*p**3 + 4*p**2 - p + 3. Let r(k) be the first derivative of -5*k**4/4 - 2*k**3/3 + k**2/2 - 2*k - 2. Let y(d) = -6*o(d) - 11*r(d). What is y(4)?
16
Let w(l) = -l. Let m(c) = 3*c - 3. Let p(f) = m(f) + 2*w(f). Suppose 3*g - 12 = -0*g. Let t be ((-2)/g)/((-9)/(-72)). What is p(t)?
-7
Let u(m) = 13*m - 1. Let o(h) = -h**2 - 8*h - 2. Let w be o(-8). Let b = w - -6. Let c(t) = 6*t. Let l(q) = b*u(q) - 9*c(q). Determine l(-3).
2
Let n(p) = p**2 - 6. Let r be (4 - -1)*4*(-1)/4. Calculate n(r).
19
Let y(i) = -2*i + 2. Let q(v) = 2*v - 2. Let a(f) = -f + 1. Let n(h) = 9*a(h) + 4*q(h). Let b(x) = -9*n(x) + 4*y(x). Give b(7).
6
Let l = -10 - -4. Let x(f) be the third derivative of -f**5/60 - f**4/24 + 23*f**3/2 + 54*f**2. Let z(y) be the first derivative of x(y). What is z(l)?
11
Let j(a) = -3*a**3 + 5*a**2 - a + 5. Let o(x) = -4*x**3 + 6*x**2 - 2*x + 6. Let y(q) = -3*j(q) + 2*o(q). Suppose u - 99 = 4*u. Let i = u + 37. What is y(i)?
9
Let x(f) = -14*f - 57. Let y(u) = 20*u + 58. Let t(j) = -4*x(j) - 3*y(j). What is t(12)?
6
Let d(v) = -v**2 + v + 8. Suppose -z = -2*p - 114, -5*p - 271 = 3*z - 2*z. Let b = 55 + p. Calculate d(b).
8
Suppose 3*m - 13 = 2*m. Suppose 0 = -2*w - 4*g, -4*g = 5*w - w + 20. Let k = m + w. Let h(f) = -2*f. Determine h(k).
-6
Let f(u) = -3 - 1 + u**2 + 2. Let z be f(-2). Let h(i) be the second derivative of -i**5/10 + i**4/4 - i**3/2 + i**2/2 - 17*i + 1. Determine h(z).
-9
Let h(n) = 2*n + 17. Let b = 136 - 136. Calculate h(b).
17
Let p(x) be the third derivative of x**5/60 - x**4/8 - 2*x**3/3 - 30*x**2. Let y(s) = -s**3 - 9*s**2 - 9*s - 3. Let r = 11 - 19. Let k be y(r). Give p(k).
6
Let l(p) = 0*p - 34 - 2*p + 15 + 6. Suppose 3*c = -34 + 7. Determine l(c).
5
Let v(y) = 13*y**3 - 14*y**2 - 20*y - 21. Let b(w) = 28*w**3 - 28*w**2 - 41*w - 43. Let m(c) = 6*b(c) - 13*v(c). Determine m(15).
0
Let q(b) = 17*b + 1. Let a(k) = -55*k - 2. Let p(v) = -2*a(v) - 7*q(v). Determine p(3).
-30
Let u = 417 - 430. Let y(v) = v**2 + 15*v + 14. Calculate y(u).
-12
Let u be 7 + 0 - (0 + 3). Suppose -u*a + 4*m + 12 = 0, a = 3*a + 4*m. Let t(q) = -4*q + q - q**a + 2*q - 5*q. What is t(-6)?
0
Let b(m) = -m**3 - 17*m**2 - 17*m - 7. Let y be b(-16). Suppose -3*n - 18 = -y*n. Let p(u) = u**3 - 3*u**2 + 3*u - 2. Calculate p(n).
7
Let b(r) = r + r**3 - 11*r**3 + 4*r**2 - 4*r + 3 + 9*r**3. What is b(4)?
-9
Let d(n) = -n**2 - 19*n + 46*n - 33*n - 5. Suppose -s = -4*s - 12. Calculate d(s).
3
Let z(g) = -g**2 + 7*g + 9. Let x be z(7). Let q = x - 5. Let a(d) = 2*d - 55 - 5*d**2 + 4*d**2 + 59. Calculate a(q).
-4
Suppose -2*i - 42 = -4*s, -2*i = 5*s - 3*i - 51. Let t(k) = k**3 - 9*k**2 - 11*k + 15. What is t(s)?
5
Let r be -7 + 2 + 3 - (-4 - 0). Let o(z) = 2 - 9*z - 2 - z**3 + 1 - 4 + 10*z**r. Calculate o(9).
-3
Let m(o) = -3*o**3 + 13*o**3 - 9*o**3 + 2 + 0*o**3 - 2*o - 4*o**2. What is m(-2)?
-18
Let n(u) = u + 9. Let x(y) = y**3 - 7*y**2 + 7*y + 6. Let t be x(6). Suppose 5*b - 32 = -t. Suppose -3*p + 18 - 6 = b*s, -20 = -4*s - 5*p. Give n(s).
9
Suppose 5*q - 19 = 91. Suppose 0 = 2*l - q + 10. Let i be 15/l - 1/(-2). Let y(j) = j**2 - 4*j + 4. Give y(i).
1
Let l(p) = 9*p + 1. Suppose z - 2*v = 6*z + 14, 0 = 4*v + 8. Let a be (2 - 1)*(z - -1). Give l(a).
-8
Let o(q) be the first derivative of q**4/4 - 4*q**3/3 + 3*q**2/2 - q - 1. Let l be 36/4*(-4)/(-3). Let u = -10 + l. Give o(u).
-3
Suppose 4 - 3 = p. Suppose -w = p - 6. Suppose -2*q + 3*j - 4 = 0, 4*q + 5 = -q + w*j. Let x(m) = 2*m**3 - m*